t common factor of 309664038 and 14166.
4722
What is the highest common factor of 141384 and 85752?
24
What is the greatest common divisor of 1021162761 and 1566?
783
Calculate the greatest common factor of 13072446 and 3480.
174
Calculate the highest common divisor of 4081 and 3788939.
77
Calculate the greatest common divisor of 9866814 and 2698.
38
What is the greatest common factor of 2751 and 142157008?
917
Calculate the greatest common divisor of 544 and 437075168.
544
Calculate the highest common divisor of 125235327 and 19.
19
Calculate the highest common divisor of 3207 and 664832480.
1069
What is the highest common factor of 40 and 35915580?
20
Calculate the greatest common factor of 80832 and 354720.
96
Calculate the greatest common divisor of 828 and 79672644.
828
Calculate the highest common divisor of 1618125 and 812946.
2589
Calculate the highest common divisor of 2525 and 63457795.
505
What is the greatest common factor of 3190320 and 1757208?
5064
Calculate the highest common factor of 8383 and 4171995.
83
Calculate the highest common factor of 30791375 and 626.
313
What is the greatest common factor of 25141 and 24335?
31
What is the greatest common factor of 8 and 23633?
1
Calculate the highest common divisor of 7102959 and 33.
3
Calculate the highest common divisor of 13148 and 3731956.
692
Calculate the greatest common factor of 4433 and 5362566.
341
Calculate the highest common divisor of 3 and 74589927.
3
Calculate the highest common factor of 334248059 and 1541.
67
What is the greatest common divisor of 20756920 and 169600?
2120
Calculate the greatest common factor of 195028379 and 637.
637
Calculate the greatest common factor of 279 and 2451945.
93
What is the greatest common factor of 3676 and 911975164?
3676
Calculate the greatest common factor of 25 and 5912680.
5
Calculate the highest common divisor of 625 and 1115.
5
What is the greatest common divisor of 66 and 152508389?
11
What is the highest common divisor of 144 and 32078048?
16
What is the highest common divisor of 15481944 and 216?
72
What is the greatest common factor of 97827465 and 801?
267
What is the greatest common divisor of 34752 and 310234?
362
What is the highest common factor of 783875 and 67125?
125
Calculate the greatest common divisor of 2298350 and 242950.
2150
What is the greatest common factor of 345586 and 4208928?
5158
Calculate the highest common divisor of 95428722 and 6.
6
What is the highest common divisor of 1616 and 8273?
1
What is the highest common factor of 19281 and 3072?
3
Calculate the highest common factor of 210 and 31939590.
30
Calculate the greatest common divisor of 45107 and 58289783.
1049
Calculate the greatest common divisor of 77516120 and 1550.
310
Calculate the highest common divisor of 260892 and 10204.
4
What is the greatest common factor of 300548 and 713967?
331
Calculate the highest common factor of 26307 and 31.
1
What is the highest common factor of 11037 and 13191594?
39
Calculate the greatest common factor of 27417321 and 12067.
1097
Calculate the greatest common divisor of 3 and 18260082.
3
What is the greatest common factor of 70 and 128269974?
14
Calculate the highest common factor of 51 and 8402216.
17
Calculate the greatest common factor of 6893 and 105530.
61
What is the highest common divisor of 226695 and 13399995?
1785
Calculate the highest common divisor of 4209974 and 46.
2
What is the highest common factor of 54245 and 77085?
2855
Calculate the highest common divisor of 5557203 and 9.
9
What is the highest common divisor of 152600 and 31850?
350
What is the highest common factor of 3328977 and 1917?
213
What is the greatest common divisor of 1279567251 and 9?
9
What is the greatest common factor of 161784 and 254772?
756
What is the greatest common factor of 125647950 and 1482?
114
What is the highest common factor of 354 and 19855270?
118
What is the greatest common factor of 42762208 and 64?
32
What is the greatest common factor of 11 and 44564762?
11
Calculate the highest common divisor of 17465719 and 1096.
137
Calculate the highest common divisor of 3905893 and 23708.
5927
Calculate the greatest common factor of 12596370 and 54852.
3918
What is the greatest common factor of 4095 and 87835020?
1365
What is the greatest common divisor of 1392 and 25792?
16
What is the highest common factor of 1257147 and 31809?
1383
What is the highest common factor of 54537596 and 4?
4
Calculate the highest common divisor of 48285 and 3944.
29
Calculate the greatest common factor of 117 and 165327.
3
Calculate the highest common divisor of 1159 and 10588548.
19
What is the highest common divisor of 278 and 13646047?
139
Calculate the highest common factor of 139384959 and 5866.
2933
What is the highest common factor of 552 and 2411160?
24
Calculate the greatest common divisor of 629796992 and 256.
128
What is the greatest common factor of 2640 and 8070348?
132
Calculate the greatest common factor of 7865 and 2730.
65
Calculate the greatest common divisor of 5426316 and 1953.
63
What is the highest common divisor of 42 and 22535604?
42
What is the greatest common factor of 501518319 and 9?
3
Calculate the highest common factor of 6878436 and 132.
12
What is the greatest common factor of 1530 and 9963870?
510
Calculate the highest common factor of 785925 and 247275.
1575
Calculate the greatest common factor of 170901696 and 7.
7
Calculate the greatest common factor of 4 and 146938.
2
Calculate the greatest common divisor of 19465677 and 4851.
693
What is the greatest common divisor of 104 and 241112?
8
What is the greatest common divisor of 18 and 80751474?
18
Calculate the greatest common divisor of 34 and 138347887.
17
Calculate the greatest common factor of 272720 and 11312.
112
What is the highest common factor of 107 and 2945389?
107
Calculate the greatest common divisor of 1336 and 6021686.
334
What is the greatest common divisor of 68 and 34478499?
17
What is the greatest common divisor of 463347 and 882?
9
What is the greatest common divisor of 560480 and 1315?
5
Calculate the highest common factor of 64 and 792992.
32
Calculate the highest common factor of 118380418 and 442.
442
What is the highest common divisor of 22164544 and 64?
64
Calculate the greatest common divisor of 59884353 and 8262.
1377
What is the greatest common divisor of 17014406 and 151762?
898
Calculate the highest common divisor of 163451 and 1834933.
79
Calculate the greatest common divisor of 286 and 378354262.
286
What is the highest common divisor of 582541764 and 28?
28
What is the highest common factor of 5423074 and 1075?
43
What is the greatest common divisor of 52784868 and 2341?
2341
Calculate the highest common factor of 1274870 and 226.
2
Calculate the greatest common factor of 214236 and 15137721.
4869
What is the highest common factor of 117 and 47078993?
13
What is the greatest common factor of 559 and 222729?
13
Calculate the greatest common factor of 12966971 and 3196.
799
Calculate the highest common factor of 30473796 and 15732.
228
Calculate the highest common divisor of 1204524 and 3705144.
7044
What is the highest common factor of 162749188 and 490?
98
What is the highest common divisor of 1457740 and 2944?
92
Calculate the greatest common factor of 45951204 and 26520.
2652
What is the greatest common factor of 95 and 21700223?
19
What is the greatest common divisor of 3762179 and 23?
23
What is the greatest common factor of 11020 and 18749428?
2204
Calculate the greatest common divisor of 192 and 2779392.
192
What is the highest common factor of 76104595 and 1960?
245
Calculate the highest common factor of 125 and 15104125.
125
Calculate the highest common divisor of 118850 and 25200.
50
Calculate the greatest common divisor of 19600 and 20321280.
3920
What is the greatest common factor of 53 and 16457?
1
Calculate the highest common factor of 42329830 and 194.
194
What is the greatest common divisor of 128045 and 1195?
5
What is the greatest common factor of 44 and 1692588?
4
What is the highest common divisor of 5408 and 48061?
13
What is the highest common factor of 210327 and 195?
39
Calculate the highest common divisor of 2279975595 and 2865.
2865
What is the greatest common divisor of 32466898 and 1